 4*y + c = 66, 5*y + 3*c + 21 - 100 = 0. Let v be (-1)/2*8 + y. Let x(k) = -k + 12. Let d be x(v). Let h(j) = -3*j**2 - j - 1. Give h(d).
-3
Suppose -4*l + 4*y + 56 = 0, 3*l - 5*y + 4*y - 36 = 0. Let o(g) = g**3 + 9*g**2 + 8*g + 4. Let a be o(-8). Let r(b) = -a*b + 6*b - l - b. Give r(9).
-2
Suppose -4*c = -8*c + 36. Let k(g) = -g**3 + 10*g**2 - 10*g + 2. Determine k(c).
-7
Let a be (-154)/(-10) - (-86)/(-215). Let s(b) = -b**2 + 14*b - 5. Give s(a).
-20
Let x(i) = -i**2 + 6*i - 3. Suppose -3*j + 31 - 7 = 0. Suppose -h - h + j = 0. Let p = 10 - h. Calculate x(p).
-3
Let y(p) be the third derivative of p**6/120 + p**5/12 + p**4/8 + p**3/2 - 4*p**2 + 114*p. Calculate y(-2).
9
Let m(h) = h - 12. Suppose -2*t - 3*s - 3 = 0, 3*s = -5*t + s + 20. Give m(t).
-6
Let b(p) be the first derivative of p**2/2 + 5*p - 7. Let i be 12/24 - 2/4. Suppose -4*c + v - 20 = i, -6*c - v - 12 = -2*c. Calculate b(c).
1
Let d(x) be the second derivative of -x**4/12 + 3*x**3/2 + 6*x**2 + 2*x - 1. Determine d(10).
2
Let n(m) = 2*m**2 - 9*m - 5. Let q(h) = -h**2 + 4*h + 2. Let r(p) = -4*n(p) - 9*q(p). Give r(-3).
11
Let k(z) = z**3 - 12*z**2 + 11*z - 9. Let d(p) = p**3 + 2*p**2 - p - 3. Let w be d(2). Let l be k(w). Let m(o) = -o**2 - 10*o - 8. Determine m(l).
1
Let n(m) = -m**2 - 4*m + 2. Let x be (472/(-177))/(2/(-6) + 1). Give n(x).
2
Let d = 226 - 232. Let c(f) = f**3 + 7*f**2 + 4*f - 8. Calculate c(d).
4
Suppose -5*v - 6 = 4. Suppose 2*r - 5*w = 19, -2 = 5*r - 5*w + 9*w. Let a(f) = -f**r + 1 - 2*f + 0*f + f. Determine a(v).
-1
Let z(i) be the third derivative of i**4/8 + 74*i**2. Determine z(6).
18
Let q(y) = -8*y + 3. Let m be ((-4)/6)/((-4)/(-36)). Let g(x) = -x**2 - 12*x - 33. Let l be g(m). Calculate q(l).
-21
Let f(c) = 2*c**2 + 6*c + 1. Let q(w) = -3*w**2 - 6*w - 1. Let m(h) = 4*f(h) + 3*q(h). Determine m(6).
1
Suppose -4 = -6*v + 8. Suppose -v*p = 2*p. Let n(g) = -4*g**2 + 5*g**2 - g**3 - 3*g + 4*g + p*g - 2. What is n(0)?
-2
Let g(q) = -q**3 + 8*q**2 - 7*q - 6. Let m(j) = j - 9 - j**2 - 14 + 24. Let f(i) = g(i) + 2*m(i). Determine f(4).
8
Let u(p) = 4*p**3 - 128*p**2 + 125*p**2 + 3 - 2*p - 3*p**3. Let s = 9 + -7. What is u(s)?
-5
Let t(i) = -7*i**2 - 5*i + 4. Let k(p) = 21*p**2 + 14*p - 11. Let v(b) = -4*k(b) - 11*t(b). Let q be 1*2 + 6*-1. Let m be ((-1)/q)/(6/24). Calculate v(m).
-8
Let i(y) = 45 - 88 + 12*y + y**2 - 2*y + 49 + 5*y. Calculate i(-10).
-44
Let p(v) be the first derivative of -11*v**3/3 - v**2/2 + 4. Let i = 347 - 346. Determine p(i).
-12
Let g = -98 - -146. Let w(p) = 48*p + g*p - 87*p. Determine w(-1).
-9
Let f(p) = 4*p + 6 - 7 + 7 + 5*p**2 + p**2. Let n(q) = -7*q**2 - 5*q - 7. Let m(j) = -6*f(j) - 5*n(j). What is m(0)?
-1
Let n(x) be the second derivative of 0 + 1/12*x**4 - 7/6*x**3 + 0*x**2 + 22*x. Calculate n(8).
8
Let h(p) = -p - 7. Let l be (3/6)/((-1)/(-2)). Let d = 0 + l. Suppose -d = 3*w + 17. Calculate h(w).
-1
Suppose 6 = -0*n + 2*n. Let f(l) be the second derivative of l**4/24 + l**3/2 - 7*l**2 - 19*l. Let w(c) be the first derivative of f(c). Calculate w(n).
6
Let z(l) = l**3 - 3*l**2 - 3*l - 1. Suppose 125*u + 10 = 127*u. Calculate z(u).
34
Let g(l) = -1. Let b(z) = z**2 + 10*z - 1. Let j(y) = -b(y) - 5*g(y). What is j(-5)?
31
Let t(a) = 6*a - 1. Let b = 6 - 3. Suppose 5*y - 26 = -0*d + b*d, -5*d = 3*y + 32. Let k = -6 - d. What is t(k)?
5
Let r(s) be the third derivative of 0*s + 1/24*s**4 + 18*s**2 + 1/6*s**3 + 0. Let i = -10 - -15. Give r(i).
6
Let q(s) = -5*s + 11. Suppose 83 - 227 = 48*u. What is q(u)?
26
Let j = -39 + 53. Let d(f) = -4*f + j*f - 8*f - 3*f - 4. Give d(-6).
2
Let p(f) be the first derivative of f**7/840 - f**4/4 + 28*f**3/3 - 20. Let v(j) be the third derivative of p(j). Calculate v(0).
-6
Let u(k) be the second derivative of -k**3/6 + k**2/2 - 101*k. Suppose 2*o - 16 = -2*o. Let i be 12/o*(-4)/3. Give u(i).
5
Let n(k) = -k**2 + 5*k + 22. Let r = -1456 + 1465. Calculate n(r).
-14
Let v(a) = 45*a - 1. Let t be (41 - 40) + (-2 - (0 - 0)). Give v(t).
-46
Suppose 2*c + 4*p = 48, 2*c - 7 = -2*p + 33. Let z(a) = -14 - 32*a + 15*a + c*a + 3. Calculate z(-6).
-5
Let r be -1 + 12/4 - 1. Let d(w) = r - 2 - w + 2. Calculate d(-8).
9
Let l(d) = d**3 + 10*d**2 - 9*d + 29. Let p be l(-11). Suppose -8*s + 7 = -p*s. Let r(w) = -w - 2. Calculate r(s).
-9
Suppose -5 = -4*l + 3*l. Let n(u) = -4. Let t(s) = -s - 4. Let p(q) = -2*n(q) + t(q). Determine p(l).
-1
Suppose l = 7*l - 12. Suppose -2 = l*f - 0. Let z(o) = -2*o. What is z(f)?
2
Let g(s) = 4*s - 3 + 5*s - 5*s**2 - 4*s + 2*s. Let a(u) be the first derivative of -2*u**3 + 4*u**2 - 4*u + 1. Let x(i) = -6*a(i) + 7*g(i). Determine x(0).
3
Let f(a) = 3*a - 2. Let s(l) = l**2 - 7*l - 42. Let p be s(11). Calculate f(p).
4
Suppose 4*y - 2*s - 72 = 0, -7*s + 63 = 3*y - 4*s. Suppose -5 = a + 3*b - y, 2*b = a + 6. Let k(m) = m - 3*m + 5*m + 6 - m**2 - a*m. Calculate k(0).
6
Let r(h) = 4*h - 43. Let c(q) = -q**3 + 9*q**2 - 25*q + 38. Let o be c(5). Determine r(o).
9
Suppose -4*j = 5*m + 5 + 75, -5*m - 50 = 2*j. Let a be -5*((4 - 3) + -4). Let h = a + j. Let o(l) = l**3 + l**2 - l - 14. Calculate o(h).
-14
Let y(s) = -s**2 + 5*s**2 - 60 - 6*s**2 + 57 + 5*s + 3*s**2. Suppose 0 = 3*u + 4 + 5. Determine y(u).
-9
Let n(h) be the third derivative of -h**4/24 - h**3/6 + 40*h**2 - 7. Suppose 0*m + 2*m - 16 = 0. Let g be 3*(m/(-6))/2. What is n(g)?
1
Let d(o) = -o - 1. Let g(i) = 32*i - 127. Let r be g(4). Calculate d(r).
-2
Let y(j) = -j**2 + 6*j - 1. Let v(t) = 5*t**3 - t**2. Let g be v(1). Suppose -5*s + 2*r + 0*r = 79, -3*r + 66 = -g*s. Let u = s + 21. Give y(u).
-1
Let g be 5 + 33/9*-3. Let w(s) = -s**3 - 7*s**2 - 7*s - 8. Determine w(g).
-2
Let f(d) = -2*d**3 - 12*d**2 + 14*d + 6. Let k be f(-7). Let p(b) = b**2 - 5*b + 4. Determine p(k).
10
Let f(y) be the second derivative of -y**5/20 - y**4/4 + 2*y**3 + 3*y**2/2 + 149*y. Give f(-5).
-7
Let t(d) = d**2 + 1. Let m = -13 - -8. Let j(g) = -g**2 - 1. Let h(c) = m*j(c) - 6*t(c). Suppose 5*z + 2*o + 3 - 17 = 0, 5*o = 2*z + 6. Determine h(z).
-5
Let l(q) be the third derivative of q**6/120 + q**5/10 - 3*q**4/8 - 5*q**3/3 + 153*q**2. Calculate l(-7).
4
Let u(p) = -p**3 + 3*p**2 - 2. Suppose -12*i - 9 = -81. Suppose 2 + i = -4*a. Give u(a).
18
Let l(r) = -2*r**3 - r**2 + 14*r - 16. Let i be l(2). Let c(f) = -f**2 - 10*f - 7. What is c(i)?
9
Suppose 10*o + 37 = 6*o - 5*d, -o = 2*d + 13. Let p(a) = -2*a - 3. Give p(o).
3
Suppose 16 = -h + 9*h. Let i(d) = -d - 15*d**2 + 8*d**h - d**3 + 4*d**2. Give i(-3).
3
Let n(g) = 14*g + 4 - 16*g + 4*g - 32. Let v be n(14). Let l(u) = u - 3. Give l(v).
-3
Let u(f) = 10*f**3 + f. Suppose 48*z - 46*z + 2 = 0. What is u(z)?
-11
Let x(f) be the third derivative of -f**5/60 - f**3/6 - 7*f**2. Let j(k) = -3*k**2 - 8*k - 8. Let p = -2 + 4. Let h(t) = p*x(t) - j(t). Determine h(-4).
-10
Let z(f) = 2*f**3 + 19*f**2 - 34*f - 7. Let c be z(-11). Let n(k) = -k**2 + k + 4. Calculate n(c).
-8
Suppose -9 = v + 2*v. Let t(f) be the second derivative of 0 - 1/3*f**3 - 1/20*f**5 - 1/3*f**4 - f + 2*f**2. Determine t(v).
1
Let d be (-6)/4*(0 - -2). Let m be 12*(2/d)/2. Let p(h) = 2*h + 4. Calculate p(m).
-4
Let x(a) = -a + 6. Suppose 17*q + 72 = 5*q. What is x(q)?
12
Let p(s) = -s**2 + 5*s + 2. Let j be -1 + 4 + -1*1. Suppose -2*r - 5*x + 1 = -1, -4*r = -x - 4. Let y be (8/(j - 0))/r. Calculate p(y).
6
Suppose -6*c = -4*c - 6. Let l(r) = 0*r**2 + 5*r - r**c - 2*r**2 + 4 + r**2. Let b be (7/(-4) + 1)*4. Determine l(b).
7
Let g be 4/(((-12)/60)/((-2)/5)). Let f(n) = n**3 + 102*n**2 - 56*n**2 - 53*n**2 + g + 0*n**3. Give f(7).
8
Let x = 64 + -63. Let w(d) = 20*d**2 + d - 1. Give w(x).
20
Let s = -43 + 31. Let o be (-4)/s*6 - (-1 + 0). Let x(l) = -3*l - 1. Calculate x(o).
-10
Let u(x) = -x**2 + 6*x + 13. Let l(b) = -b + 12. Let z be l(5). Give u(z).
6
Let u(l) = l. Let v(t) be the third derivative of -t**3/6 - 7*t**2. Let s(k) = 2*u(k) - 3*v(k). What is s(-3)?
-3
Let n(h) = h**2 - 3*h - 5. Let f be (1 - 2) + (-2)/((-8)/20). What is n(f)?
-1
Let d(f) = -5*f + 21. Let u(q) = -6*q + 25. Let v(r) = 5*d(r) - 4*u(r). Calculate v(5).
0
Let p(u) = 2*u - 1. Let k(w) = -w**2 + 2*w - 5. Let a(g) = -k(g) + 3*p(g). Suppose 11*t - 14*t - 15 = 0. Give a(t).
7
Let z(k) = -k - 9. Suppose -3*j + 4*h = -j + 22, -3*j - 5*h = 0. Let s be (-17)/(-5)